{"id":5045,"date":"2023-03-06T03:59:22","date_gmt":"2023-03-06T03:59:22","guid":{"rendered":"http:\/\/wpdemo.archiwp.com\/onum\/?page_id=2593"},"modified":"2025-02-05T11:16:18","modified_gmt":"2025-02-05T11:16:18","slug":"genel-ticaret","status":"publish","type":"page","link":"https:\/\/tradeport.com.tr\/?page_id=5045","title":{"rendered":"Genel Ticaret"},"content":{"rendered":"\t\t<div data-elementor-type=\"wp-page\" data-elementor-id=\"5045\" class=\"elementor elementor-5045\">\n\t\t\t\t\t\t\t\t\t<section class=\"elementor-section elementor-top-section elementor-element elementor-element-60697bd elementor-section-content-middle elementor-section-boxed elementor-section-height-default elementor-section-height-default\" data-id=\"60697bd\" data-element_type=\"section\">\n\t\t\t\t\t\t<div class=\"elementor-container elementor-column-gap-default\">\n\t\t\t\t\t<div class=\"elementor-column elementor-col-50 elementor-top-column elementor-element elementor-element-f18d9cf ot-flex-column-vertical\" data-id=\"f18d9cf\" data-element_type=\"column\">\n\t\t\t<div class=\"elementor-widget-wrap elementor-element-populated\">\n\t\t\t\t\t\t\t\t<div class=\"elementor-element elementor-element-31f517e elementor-widget elementor-widget-image\" data-id=\"31f517e\" data-element_type=\"widget\" data-widget_type=\"image.default\">\n\t\t\t\t<div class=\"elementor-widget-container\">\n\t\t\t<style>\/*! elementor - v3.11.5 - 14-03-2023 *\/\n.elementor-widget-image{text-align:center}.elementor-widget-image a{display:inline-block}.elementor-widget-image a img[src$=\".svg\"]{width:48px}.elementor-widget-image img{vertical-align:middle;display:inline-block}<\/style>\t\t\t\t\t\t\t\t\t\t\t\t<img decoding=\"async\" width=\"707\" height=\"624\" src=\"https:\/\/tradeport.com.tr\/wp-content\/uploads\/2023\/03\/image4-Go.png\" class=\"attachment-large size-large wp-image-4740\" alt=\"\" loading=\"lazy\" srcset=\"https:\/\/tradeport.com.tr\/wp-content\/uploads\/2023\/03\/image4-Go.png 707w, https:\/\/tradeport.com.tr\/wp-content\/uploads\/2023\/03\/image4-Go-300x265.png 300w\" sizes=\"(max-width: 707px) 100vw, 707px\" \/>\t\t\t\t\t\t\t\t\t\t\t\t\t\t\t<\/div>\n\t\t\t\t<\/div>\n\t\t\t\t\t<\/div>\n\t\t<\/div>\n\t\t\t\t<div class=\"elementor-column elementor-col-50 elementor-top-column elementor-element elementor-element-d5807e8 ot-flex-column-vertical\" data-id=\"d5807e8\" data-element_type=\"column\">\n\t\t\t<div class=\"elementor-widget-wrap elementor-element-populated\">\n\t\t\t\t\t\t\t\t<div class=\"elementor-element elementor-element-d41d411 elementor-widget elementor-widget-iheading\" data-id=\"d41d411\" data-element_type=\"widget\" data-widget_type=\"iheading.default\">\n\t\t\t\t<div class=\"elementor-widget-container\">\n\t\t\t\t\t<div class=\"ot-heading left-align\">\r\n\t\t\t\r\n\t\t\t\t\r\n\r\n\t         \r\n\r\n\t        \t        \t<h2 class=\"main-heading\">Ticari \u0130htiya\u00e7lar\u0131n\u0131z \u0130\u00e7in \u00c7\u00f6z\u00fcm Sunuyoruz.<\/h2>\r\n\t        \t    <\/div>\r\n\t    \t\t<\/div>\n\t\t\t\t<\/div>\n\t\t\t\t<div class=\"elementor-element elementor-element-ee5dd39 elementor-widget elementor-widget-text-editor\" data-id=\"ee5dd39\" data-element_type=\"widget\" data-widget_type=\"text-editor.default\">\n\t\t\t\t<div class=\"elementor-widget-container\">\n\t\t\t<style>\/*! elementor - v3.11.5 - 14-03-2023 *\/\n.elementor-widget-text-editor.elementor-drop-cap-view-stacked .elementor-drop-cap{background-color:#818a91;color:#fff}.elementor-widget-text-editor.elementor-drop-cap-view-framed .elementor-drop-cap{color:#818a91;border:3px solid;background-color:transparent}.elementor-widget-text-editor:not(.elementor-drop-cap-view-default) .elementor-drop-cap{margin-top:8px}.elementor-widget-text-editor:not(.elementor-drop-cap-view-default) .elementor-drop-cap-letter{width:1em;height:1em}.elementor-widget-text-editor .elementor-drop-cap{float:left;text-align:center;line-height:1;font-size:50px}.elementor-widget-text-editor .elementor-drop-cap-letter{display:inline-block}<\/style>\t\t\t\t<p>Tradeport D\u0131\u015f Ticaret Dan\u0131\u015fmanl\u0131k Ltd. \u015eti. m\u00fc\u015fteri memnuniyetini en \u00fcst d\u00fczeyde tutmak ve i\u015f performans\u0131n\u0131n s\u00fcrekli geli\u015fimini desteklemek i\u00e7in kaliteli malzeme tedarik eden bir \u015firkettir.<\/p><p>Kendi alanlar\u0131nda \u00f6nc\u00fc olan \u00fcretici firmalar ile \u00e7al\u0131\u015f\u0131yoruz. D\u0131\u015f ticarette 14 y\u0131ll\u0131k tecr\u00fcbemizin bir sonucu olarak \u00fcretici firmalar ile iyi ili\u015fkiler geli\u015ftirdik.<\/p><p>Sekt\u00f6r ne olursa olsun, geni\u015f ve yetenekli ekibimiz sayesinde partnerlerimiz i\u00e7in en uygun \u00fcr\u00fcn\u00fc buluyoruz.<\/p><p>Bug\u00fcn itibariyle 36 \u00fclkeye ihracat yapt\u0131k ve 21 farkl\u0131 \u00fclkede m\u00fc\u015fterilerimizi ziyaret ettik, toplant\u0131lar yapt\u0131k ve bir\u00e7ok uluslararas\u0131 fuara kat\u0131ld\u0131k.<\/p>\t\t\t\t\t\t<\/div>\n\t\t\t\t<\/div>\n\t\t\t\t\t<\/div>\n\t\t<\/div>\n\t\t\t\t\t\t\t<\/div>\n\t\t<\/section>\n\t\t\t\t<section data-color=\"#fe4c1c,#00c3ff,#0160e7\" class=\"elementor-section elementor-top-section elementor-element elementor-element-ec0a50f particles-js elementor-section-boxed elementor-section-height-default elementor-section-height-default\" data-id=\"ec0a50f\" data-element_type=\"section\" data-settings=\"{&quot;background_background&quot;:&quot;classic&quot;,&quot;shape_divider_top&quot;:&quot;triangle&quot;}\">\n\t\t\t\t\t<div class=\"elementor-shape elementor-shape-top\" data-negative=\"false\">\n\t\t\t<svg xmlns=\"http:\/\/www.w3.org\/2000\/svg\" viewBox=\"0 0 1000 100\" preserveAspectRatio=\"none\">\n\t<path class=\"elementor-shape-fill\" d=\"M500,98.9L0,6.1V0h1000v6.1L500,98.9z\"\/>\n<\/svg>\t\t<\/div>\n\t\t\t\t\t<div class=\"elementor-container elementor-column-gap-default\">\n\t\t\t\t\t<div class=\"elementor-column elementor-col-100 elementor-top-column elementor-element elementor-element-20ceb00 ot-flex-column-vertical\" data-id=\"20ceb00\" data-element_type=\"column\">\n\t\t\t<div class=\"elementor-widget-wrap elementor-element-populated\">\n\t\t\t\t\t\t\t\t<div class=\"elementor-element elementor-element-cff678f elementor-widget elementor-widget-iheading\" data-id=\"cff678f\" data-element_type=\"widget\" data-widget_type=\"iheading.default\">\n\t\t\t\t<div class=\"elementor-widget-container\">\n\t\t\t\t\t<div class=\"ot-heading center-align\">\r\n\t\t\t\r\n\t\t\t\t\r\n\r\n\t        \t            <h6 class=\"sub-heading\"><span>\u00dcR\u00dcN GRUPLARI<\/span><\/h6>\r\n\t         \r\n\r\n\t        \t        \t<h4 class=\"main-heading\">Tradeport D\u0131\u015f Ticaret Dan\u0131\u015fmanl\u0131k Ltd. \u015eti,<br> her t\u00fcrl\u00fc sekt\u00f6r i\u00e7in y\u00fcksek kaliteli \u00fcr\u00fcnlerin tedarik\u00e7isi ve toptanc\u0131s\u0131d\u0131r. <br>\u00dcr\u00fcn\u00fcn\u00fcz\u00fc analiz ediyor ve size en uygun \u00fcreticiyi buluyoruz.<\/h4>\r\n\t        \t    <\/div>\r\n\t    \t\t<\/div>\n\t\t\t\t<\/div>\n\t\t\t\t<section class=\"elementor-section elementor-inner-section elementor-element elementor-element-67548cb elementor-section-full_width elementor-section-height-default elementor-section-height-default\" data-id=\"67548cb\" data-element_type=\"section\">\n\t\t\t\t\t\t<div class=\"elementor-container elementor-column-gap-extended\">\n\t\t\t\t\t<div class=\"elementor-column elementor-col-100 elementor-inner-column elementor-element elementor-element-83d67c9 ot-flex-column-vertical\" data-id=\"83d67c9\" data-element_type=\"column\">\n\t\t\t<div class=\"elementor-widget-wrap elementor-element-populated\">\n\t\t\t\t\t\t\t\t<div class=\"elementor-element elementor-element-12af58d elementor-widget elementor-widget-irprojects\" data-id=\"12af58d\" data-element_type=\"widget\" data-widget_type=\"irprojects.default\">\n\t\t\t\t<div class=\"elementor-widget-container\">\n\t\t\t\r\n\t\t<div class=\"project-slider projects-style-3\"  data-show=\"4\" data-scroll=\"1\" data-arrow=\"false\" data-dots=\"false\">\t\t\t\r\n\t\t\t\t\t\t<div class=\"project-item\">\r\n\t\t\t\t<div class=\"projects-box\">\r\n\t\t\t\t\t<div class=\"projects-thumbnail\">\r\n\t\t\t\t\t\t<a href=\"https:\/\/tradeport.com.tr\/?ot_portfolio=ambalaj\">\r\n\t\t\t\t\t\t\t<img width=\"1200\" height=\"1200\" src=\"https:\/\/tradeport.com.tr\/wp-content\/uploads\/2023\/01\/WhatsApp-Image-2023-03-13-at-10.31.19.jpeg\" class=\"attachment-full size-full wp-post-image\" alt=\"\" decoding=\"async\" loading=\"lazy\" srcset=\"https:\/\/tradeport.com.tr\/wp-content\/uploads\/2023\/01\/WhatsApp-Image-2023-03-13-at-10.31.19.jpeg 1200w, https:\/\/tradeport.com.tr\/wp-content\/uploads\/2023\/01\/WhatsApp-Image-2023-03-13-at-10.31.19-300x300.jpeg 300w, https:\/\/tradeport.com.tr\/wp-content\/uploads\/2023\/01\/WhatsApp-Image-2023-03-13-at-10.31.19-1024x1024.jpeg 1024w, https:\/\/tradeport.com.tr\/wp-content\/uploads\/2023\/01\/WhatsApp-Image-2023-03-13-at-10.31.19-150x150.jpeg 150w, https:\/\/tradeport.com.tr\/wp-content\/uploads\/2023\/01\/WhatsApp-Image-2023-03-13-at-10.31.19-768x768.jpeg 768w, https:\/\/tradeport.com.tr\/wp-content\/uploads\/2023\/01\/WhatsApp-Image-2023-03-13-at-10.31.19-760x760.jpeg 760w\" sizes=\"(max-width: 1200px) 100vw, 1200px\" \/>\t\t\t\t\t\t<\/a>\r\n\t\t\t\t\t<\/div>\r\n\t\t\t\t\t<div class=\"portfolio-info \">\r\n\t\t\t\t\t\t<div class=\"portfolio-info-inner\">\r\n\t\t\t\t\t\t\t<h5 class=\"portfolio-info-title\"><a href=\"https:\/\/tradeport.com.tr\/?ot_portfolio=ambalaj\">Ambalaj \u00dcr\u00fcnleri<\/a><\/h5>\r\n\t\t\t\t\t\t\t \r\n\t\t\t\t\t\t<\/div>\r\n\t\t\t\t\t<\/div>\r\n\t\t\t\t<\/div>\r\n\t\t\t<\/div>\r\n\t\t\t\t\t\t<div class=\"project-item\">\r\n\t\t\t\t<div class=\"projects-box\">\r\n\t\t\t\t\t<div class=\"projects-thumbnail\">\r\n\t\t\t\t\t\t<a href=\"https:\/\/tradeport.com.tr\/?ot_portfolio=non-woven\">\r\n\t\t\t\t\t\t\t<img width=\"1200\" height=\"1200\" src=\"https:\/\/tradeport.com.tr\/wp-content\/uploads\/2023\/01\/WhatsApp-Image-2023-03-13-at-10.31.19-1.jpeg\" class=\"attachment-full size-full wp-post-image\" alt=\"\" decoding=\"async\" loading=\"lazy\" srcset=\"https:\/\/tradeport.com.tr\/wp-content\/uploads\/2023\/01\/WhatsApp-Image-2023-03-13-at-10.31.19-1.jpeg 1200w, https:\/\/tradeport.com.tr\/wp-content\/uploads\/2023\/01\/WhatsApp-Image-2023-03-13-at-10.31.19-1-300x300.jpeg 300w, https:\/\/tradeport.com.tr\/wp-content\/uploads\/2023\/01\/WhatsApp-Image-2023-03-13-at-10.31.19-1-1024x1024.jpeg 1024w, https:\/\/tradeport.com.tr\/wp-content\/uploads\/2023\/01\/WhatsApp-Image-2023-03-13-at-10.31.19-1-150x150.jpeg 150w, https:\/\/tradeport.com.tr\/wp-content\/uploads\/2023\/01\/WhatsApp-Image-2023-03-13-at-10.31.19-1-768x768.jpeg 768w, https:\/\/tradeport.com.tr\/wp-content\/uploads\/2023\/01\/WhatsApp-Image-2023-03-13-at-10.31.19-1-760x760.jpeg 760w\" sizes=\"(max-width: 1200px) 100vw, 1200px\" \/>\t\t\t\t\t\t<\/a>\r\n\t\t\t\t\t<\/div>\r\n\t\t\t\t\t<div class=\"portfolio-info \">\r\n\t\t\t\t\t\t<div class=\"portfolio-info-inner\">\r\n\t\t\t\t\t\t\t<h5 class=\"portfolio-info-title\"><a href=\"https:\/\/tradeport.com.tr\/?ot_portfolio=non-woven\">Non-Woven Al\u0131\u015fveri\u015f \u00c7antas\u0131<\/a><\/h5>\r\n\t\t\t\t\t\t\t \r\n\t\t\t\t\t\t<\/div>\r\n\t\t\t\t\t<\/div>\r\n\t\t\t\t<\/div>\r\n\t\t\t<\/div>\r\n\t\t\t\t\t\t<div class=\"project-item\">\r\n\t\t\t\t<div class=\"projects-box\">\r\n\t\t\t\t\t<div class=\"projects-thumbnail\">\r\n\t\t\t\t\t\t<a href=\"https:\/\/tradeport.com.tr\/?ot_portfolio=maobilyave\">\r\n\t\t\t\t\t\t\t<img width=\"1200\" height=\"1200\" src=\"https:\/\/tradeport.com.tr\/wp-content\/uploads\/2021\/02\/mob1.png\" class=\"attachment-full size-full wp-post-image\" alt=\"\" decoding=\"async\" loading=\"lazy\" srcset=\"https:\/\/tradeport.com.tr\/wp-content\/uploads\/2021\/02\/mob1.png 1200w, https:\/\/tradeport.com.tr\/wp-content\/uploads\/2021\/02\/mob1-300x300.png 300w, https:\/\/tradeport.com.tr\/wp-content\/uploads\/2021\/02\/mob1-1024x1024.png 1024w, https:\/\/tradeport.com.tr\/wp-content\/uploads\/2021\/02\/mob1-150x150.png 150w, https:\/\/tradeport.com.tr\/wp-content\/uploads\/2021\/02\/mob1-768x768.png 768w, https:\/\/tradeport.com.tr\/wp-content\/uploads\/2021\/02\/mob1-760x760.png 760w\" sizes=\"(max-width: 1200px) 100vw, 1200px\" \/>\t\t\t\t\t\t<\/a>\r\n\t\t\t\t\t<\/div>\r\n\t\t\t\t\t<div class=\"portfolio-info \">\r\n\t\t\t\t\t\t<div class=\"portfolio-info-inner\">\r\n\t\t\t\t\t\t\t<h5 class=\"portfolio-info-title\"><a href=\"https:\/\/tradeport.com.tr\/?ot_portfolio=maobilyave\">Mobilya ve Aksesuvarlar\u0131<\/a><\/h5>\r\n\t\t\t\t\t\t\t \r\n\t\t\t\t\t\t<\/div>\r\n\t\t\t\t\t<\/div>\r\n\t\t\t\t<\/div>\r\n\t\t\t<\/div>\r\n\t\t\t\t    <\/div>\r\n\t    \t\t<\/div>\n\t\t\t\t<\/div>\n\t\t\t\t<div class=\"elementor-element elementor-element-3e1310f elementor-widget elementor-widget-irprojects\" data-id=\"3e1310f\" data-element_type=\"widget\" data-widget_type=\"irprojects.default\">\n\t\t\t\t<div class=\"elementor-widget-container\">\n\t\t\t\r\n\t\t<div class=\"project-slider projects-style-3\"  data-show=\"4\" data-scroll=\"1\" data-arrow=\"false\" data-dots=\"false\">\t\t\t\r\n\t\t\t\t\t\t<div class=\"project-item\">\r\n\t\t\t\t<div class=\"projects-box\">\r\n\t\t\t\t\t<div class=\"projects-thumbnail\">\r\n\t\t\t\t\t\t<a href=\"https:\/\/tradeport.com.tr\/?ot_portfolio=dogal-damla-sakizi-ve-urunleri\">\r\n\t\t\t\t\t\t\t<img width=\"1200\" height=\"1200\" src=\"https:\/\/tradeport.com.tr\/wp-content\/uploads\/2025\/02\/mastic1111-1.png\" class=\"attachment-full size-full wp-post-image\" alt=\"\" decoding=\"async\" loading=\"lazy\" srcset=\"https:\/\/tradeport.com.tr\/wp-content\/uploads\/2025\/02\/mastic1111-1.png 1200w, https:\/\/tradeport.com.tr\/wp-content\/uploads\/2025\/02\/mastic1111-1-300x300.png 300w, https:\/\/tradeport.com.tr\/wp-content\/uploads\/2025\/02\/mastic1111-1-1024x1024.png 1024w, https:\/\/tradeport.com.tr\/wp-content\/uploads\/2025\/02\/mastic1111-1-150x150.png 150w, https:\/\/tradeport.com.tr\/wp-content\/uploads\/2025\/02\/mastic1111-1-768x768.png 768w, https:\/\/tradeport.com.tr\/wp-content\/uploads\/2025\/02\/mastic1111-1-760x760.png 760w\" sizes=\"(max-width: 1200px) 100vw, 1200px\" \/>\t\t\t\t\t\t<\/a>\r\n\t\t\t\t\t<\/div>\r\n\t\t\t\t\t<div class=\"portfolio-info \">\r\n\t\t\t\t\t\t<div class=\"portfolio-info-inner\">\r\n\t\t\t\t\t\t\t<h5 class=\"portfolio-info-title\"><a href=\"https:\/\/tradeport.com.tr\/?ot_portfolio=dogal-damla-sakizi-ve-urunleri\">Do\u011fal Damla Sak\u0131z\u0131 ve \u00dcr\u00fcnleri<\/a><\/h5>\r\n\t\t\t\t\t\t\t \r\n\t\t\t\t\t\t<\/div>\r\n\t\t\t\t\t<\/div>\r\n\t\t\t\t<\/div>\r\n\t\t\t<\/div>\r\n\t\t\t\t\t\t<div class=\"project-item\">\r\n\t\t\t\t<div class=\"projects-box\">\r\n\t\t\t\t\t<div class=\"projects-thumbnail\">\r\n\t\t\t\t\t\t<a href=\"https:\/\/tradeport.com.tr\/?ot_portfolio=aluminyum-aksesuarlar\">\r\n\t\t\t\t\t\t\t<img width=\"1200\" height=\"1200\" src=\"https:\/\/tradeport.com.tr\/wp-content\/uploads\/2025\/02\/alu11.png\" class=\"attachment-full size-full wp-post-image\" alt=\"\" decoding=\"async\" loading=\"lazy\" srcset=\"https:\/\/tradeport.com.tr\/wp-content\/uploads\/2025\/02\/alu11.png 1200w, https:\/\/tradeport.com.tr\/wp-content\/uploads\/2025\/02\/alu11-300x300.png 300w, https:\/\/tradeport.com.tr\/wp-content\/uploads\/2025\/02\/alu11-1024x1024.png 1024w, https:\/\/tradeport.com.tr\/wp-content\/uploads\/2025\/02\/alu11-150x150.png 150w, https:\/\/tradeport.com.tr\/wp-content\/uploads\/2025\/02\/alu11-768x768.png 768w, https:\/\/tradeport.com.tr\/wp-content\/uploads\/2025\/02\/alu11-760x760.png 760w\" sizes=\"(max-width: 1200px) 100vw, 1200px\" \/>\t\t\t\t\t\t<\/a>\r\n\t\t\t\t\t<\/div>\r\n\t\t\t\t\t<div class=\"portfolio-info \">\r\n\t\t\t\t\t\t<div class=\"portfolio-info-inner\">\r\n\t\t\t\t\t\t\t<h5 class=\"portfolio-info-title\"><a href=\"https:\/\/tradeport.com.tr\/?ot_portfolio=aluminyum-aksesuarlar\">Aluminyum Aksesuarlar<\/a><\/h5>\r\n\t\t\t\t\t\t\t \r\n\t\t\t\t\t\t<\/div>\r\n\t\t\t\t\t<\/div>\r\n\t\t\t\t<\/div>\r\n\t\t\t<\/div>\r\n\t\t\t\t\t\t<div class=\"project-item\">\r\n\t\t\t\t<div class=\"projects-box\">\r\n\t\t\t\t\t<div class=\"projects-thumbnail\">\r\n\t\t\t\t\t\t<a href=\"https:\/\/tradeport.com.tr\/?ot_portfolio=pelet-urun\">\r\n\t\t\t\t\t\t\t<img width=\"1200\" height=\"1200\" src=\"https:\/\/tradeport.com.tr\/wp-content\/uploads\/2023\/01\/WhatsApp-Image-2023-03-13-at-10.31.19-2.jpeg\" class=\"attachment-full size-full wp-post-image\" alt=\"\" decoding=\"async\" loading=\"lazy\" srcset=\"https:\/\/tradeport.com.tr\/wp-content\/uploads\/2023\/01\/WhatsApp-Image-2023-03-13-at-10.31.19-2.jpeg 1200w, https:\/\/tradeport.com.tr\/wp-content\/uploads\/2023\/01\/WhatsApp-Image-2023-03-13-at-10.31.19-2-300x300.jpeg 300w, https:\/\/tradeport.com.tr\/wp-content\/uploads\/2023\/01\/WhatsApp-Image-2023-03-13-at-10.31.19-2-1024x1024.jpeg 1024w, https:\/\/tradeport.com.tr\/wp-content\/uploads\/2023\/01\/WhatsApp-Image-2023-03-13-at-10.31.19-2-150x150.jpeg 150w, https:\/\/tradeport.com.tr\/wp-content\/uploads\/2023\/01\/WhatsApp-Image-2023-03-13-at-10.31.19-2-768x768.jpeg 768w, https:\/\/tradeport.com.tr\/wp-content\/uploads\/2023\/01\/WhatsApp-Image-2023-03-13-at-10.31.19-2-760x760.jpeg 760w\" sizes=\"(max-width: 1200px) 100vw, 1200px\" \/>\t\t\t\t\t\t<\/a>\r\n\t\t\t\t\t<\/div>\r\n\t\t\t\t\t<div class=\"portfolio-info \">\r\n\t\t\t\t\t\t<div class=\"portfolio-info-inner\">\r\n\t\t\t\t\t\t\t<h5 class=\"portfolio-info-title\"><a href=\"https:\/\/tradeport.com.tr\/?ot_portfolio=pelet-urun\">Pelet<\/a><\/h5>\r\n\t\t\t\t\t\t\t \r\n\t\t\t\t\t\t<\/div>\r\n\t\t\t\t\t<\/div>\r\n\t\t\t\t<\/div>\r\n\t\t\t<\/div>\r\n\t\t\t\t    <\/div>\r\n\t    \t\t<\/div>\n\t\t\t\t<\/div>\n\t\t\t\t\t<\/div>\n\t\t<\/div>\n\t\t\t\t\t\t\t<\/div>\n\t\t<\/section>\n\t\t\t\t\t<\/div>\n\t\t<\/div>\n\t\t\t\t\t\t\t<\/div>\n\t\t<\/section>\n\t\t\t\t\t\t\t<\/div>\n\t\t","protected":false},"excerpt":{"rendered":"<p>Ticari \u0130htiya\u00e7lar\u0131n\u0131z \u0130\u00e7in \u00c7\u00f6z\u00fcm Sunuyoruz. Tradeport D\u0131\u015f Ticaret Dan\u0131\u015fmanl\u0131k Ltd. \u015eti. m\u00fc\u015fteri memnuniyetini en \u00fcst d\u00fczeyde tutmak ve i\u015f performans\u0131n\u0131n s\u00fcrekli geli\u015fimini desteklemek i\u00e7in kaliteli malzeme tedarik eden bir \u015firkettir. Kendi alanlar\u0131nda \u00f6nc\u00fc olan \u00fcretici firmalar ile \u00e7al\u0131\u015f\u0131yoruz. D\u0131\u015f ticarette 14 y\u0131ll\u0131k tecr\u00fcbemizin bir sonucu olarak \u00fcretici firmalar ile iyi ili\u015fkiler geli\u015ftirdik. Sekt\u00f6r ne olursa [&hellip;]<\/p>\n","protected":false},"author":1,"featured_media":0,"parent":0,"menu_order":0,"comment_status":"closed","ping_status":"closed","template":"","meta":[],"_links":{"self":[{"href":"https:\/\/tradeport.com.tr\/index.php?rest_route=\/wp\/v2\/pages\/5045"}],"collection":[{"href":"https:\/\/tradeport.com.tr\/index.php?rest_route=\/wp\/v2\/pages"}],"about":[{"href":"https:\/\/tradeport.com.tr\/index.php?rest_route=\/wp\/v2\/types\/page"}],"author":[{"embeddable":true,"href":"https:\/\/tradeport.com.tr\/index.php?rest_route=\/wp\/v2\/users\/1"}],"replies":[{"embeddable":true,"href":"https:\/\/tradeport.com.tr\/index.php?rest_route=%2Fwp%2Fv2%2Fcomments&post=5045"}],"version-history":[{"count":7,"href":"https:\/\/tradeport.com.tr\/index.php?rest_route=\/wp\/v2\/pages\/5045\/revisions"}],"predecessor-version":[{"id":5198,"href":"https:\/\/tradeport.com.tr\/index.php?rest_route=\/wp\/v2\/pages\/5045\/revisions\/5198"}],"wp:attachment":[{"href":"https:\/\/tradeport.com.tr\/index.php?rest_route=%2Fwp%2Fv2%2Fmedia&parent=5045"}],"curies":[{"name":"wp","href":"https:\/\/api.w.org\/{rel}","templated":true}]}}